he remainder when s is divided by l?
7
Suppose -6*b + 3*b = 3*h - 15, -3*b = -h - 15. Suppose 2*v = b*q - 324, v = -4*q + 6 + 248. What is the remainder when 142 is divided by q?
14
Let d(q) = 12*q**3 - q**2 - q. Calculate the remainder when 379 is divided by d(1).
9
Suppose -26 = -2*f + 8. Let w(y) = 2*y**2 + 6*y - 11. Let b be w(-4). Let q(p) = 12*p**2 + p - 5. What is the remainder when q(b) is divided by f?
15
Let r be (-2)/(-3) + 37520/105. What is the remainder when 82 is divided by (-75)/200 - r/(-16)?
16
Let v = 267 + -215. Calculate the remainder when (102/7)/((-2)/(70/(-5))) is divided by v.
50
Suppose -62*y - 5930 = -52*y. Let z = -546 - y. Calculate the remainder when z is divided by (-6)/(-21) + (-110)/(-7).
15
Let g(o) = -o**3 - 5*o**2 - o + 1. Let j be g(-6). Suppose 49*y - 150 = j*y. Let a = 8 + 7. What is the remainder when y is divided by a?
10
Let s(v) = -v**3 - 3*v**2 + 5*v + 3. Let g(b) = -7*b**2 + 2*b**3 - 19 + 18*b**2 + 10*b**2 + 1. What is the remainder when g(-10) is divided by s(-5)?
26
Suppose 4*m - 89 = -5*s + 110, 193 = 3*m - 5*s. Calculate the remainder when 2352 is divided by m.
0
Suppose 4*o - 15 - 97 = 0. Calculate the remainder when 35 is divided by ((-322)/49)/((-8)/o).
12
Let y be 3/(-8) + 13 + (-24)/(-64). Suppose y*h = -37*h + 700. What is the remainder when 277 is divided by h?
11
Let j(m) = -72*m - 138. Let z(l) = -6*l**2 + 0*l**3 - l**3 - 7 - 1 + 0 - 3*l. Calculate the remainder when j(-3) is divided by z(-6).
8
Let w be -43*1/2*-2. Suppose -5*f = -5*i - 55, -i = 5*f - w - 24. Suppose 0 = -4*x + 57 - f. Calculate the remainder when 16 is divided by x.
5
Let u(g) = 9*g**3 + 10*g**2 + 3*g - 1. Let s(j) = 4*j**3 - j + 1. Let i(n) = 2*s(n) - u(n). Calculate the remainder when i(-11) is divided by 46.
41
Let u(r) = -r - 2*r + 3*r - 3*r + 13. Let i be u(16). Let f = -24 - i. Calculate the remainder when 52 is divided by f.
8
Let q(j) = -2*j**2 - 30*j - 25. Let l be q(-14). Suppose 4*t - 24 = -s, l*t + 78 - 27 = 5*s. What is the remainder when 28 is divided by s?
4
Let a = -15122 - -15127. What is the remainder when 226 is divided by a?
1
Suppose 4407 = 3*r - 3*q, -3*r + 5*q + 3637 + 768 = 0. Calculate the remainder when r is divided by 184.
182
Suppose 0 = -40*g + 2678 + 9562. What is the remainder when 929 is divided by g?
11
Let y(a) = -11*a**2 - 115*a - 21. What is the remainder when 2209 is divided by y(-9)?
118
Suppose -69563 = -19*g - 5*v, -7*g + 5*g + 7336 = -4*v. Calculate the remainder when g is divided by 33.
32
Suppose 4*l + 432*h = 434*h + 2508, 0 = 3*l - 3*h - 1890. Calculate the remainder when l is divided by 99*(14/6 + -2).
30
Let b be ((-4)/(-2))/(0 + -2)*-3. Suppose -b*r + 31 = h, 26 = h + 4*r - 7. Calculate the remainder when (2 + -4)/(-2) + 72 is divided by h.
23
Suppose 0 = 6*q - 8 + 8. What is the remainder when 58 is divided by (-11)/33*(q - 54)?
4
Suppose 4*n - 498 = -4*s + 818, 4*n - 8 = 0. What is the remainder when s is divided by 53?
9
Let x(b) = b**3 + 14*b**2 - 15*b + 4. Let r be x(-15). Let k(z) = -z - 5*z + r*z. Calculate the remainder when k(-5) is divided by 4.
2
Let j(u) = u**3 + 115*u**2 + 431*u - 200. What is the remainder when j(-111) is divided by 55?
33
Let l = 34 + -34. Suppose l*f - 5*f + 140 = 2*r, -3*f - r = -84. Let z(y) = y**3 + 11*y**2 - y. What is the remainder when f is divided by z(-11)?
6
Suppose -1929 + 6843 = -14*y. Let r = y - -360. What is the remainder when 20 is divided by r?
2
Suppose -2*s + 5*g = -113, g - 6*g + 103 = 2*s. Let m(b) = 17*b - 47. Let v be m(3). Suppose 0 = -v*x + 77 - 21. Calculate the remainder when s is divided by x.
12
Suppose -3*j - 66 + 177 = 0. Suppose 43*m - 282 = j*m. Calculate the remainder when 140 is divided by m.
46
Let d = 6007 + -5999. Calculate the remainder when d is divided by 7.
1
Let m = 110 - 61. Calculate the remainder when (112 - 114)/(((-12)/1317)/4) is divided by m.
45
Suppose -z + 4*z = 12. Let y = z + 8. Suppose c = -2*b + 39, 4*c - 184 = -b - 0*b. What is the remainder when c is divided by y?
11
Suppose -46*r = -9*r - 2997. What is the remainder when 1052 is divided by r?
80
Let u(o) = o**2 - 25*o + 33. Let d be u(-7). Let b = -201 + d. Calculate the remainder when b is divided by 34.
22
Suppose -3*s + 651 = 3*j, -35*j + 30*j = 15. Suppose 7*y = s + 907. What is the remainder when y is divided by 33?
29
Let d(p) = 46 + 2*p + p - 7*p - 49 + 3*p**2. Let g be d(-1). Suppose 170 = 3*h + 4*b - 44, -354 = -5*h - g*b. Calculate the remainder when h is divided by 24.
22
Let n(o) = -2*o**2 - 66*o + 27. Calculate the remainder when n(-10) is divided by 10.
7
Let s = -2847 + 2862. Let u = 8 + -5. Suppose u*j - 186 = 3*p, j - 14 = -2*p + 39. What is the remainder when j is divided by s?
14
Let t(v) = 2*v**3 + 12*v**2 + 4*v - 13. Let j be t(-5). Let a(z) = z**2 - 15*z - 14. What is the remainder when 74 is divided by a(j)?
14
Let m(k) = 145*k - 3898. Calculate the remainder when 797 is divided by m(28).
149
Let f = -56 + 6. Let p be (20/f - (-68)/(-30))*3. What is the remainder when p/(-2)*(340/16 - -1) is divided by 47?
42
What is the remainder when 44*(-159)/(-38) - 1286/12217 is divided by 56?
16
Let s(o) = -15*o + 3*o**2 - 1 - 1 - 4*o**2. Let c = -2355 + 2367. What is the remainder when s(-12) is divided by c?
10
Calculate the remainder when ((-154574)/(-1281))/(3/((-162)/(-4))) is divided by 5.
4
Suppose -w + 533 = 5*n, -2*n + 4*w + 218 = 2*w. What is the remainder when n is divided by 14 + 3*(-539)/165 + (-4)/(-5)?
2
Let s be (-33)/(-9) + 4/(-6). Suppose -4*c = 4*u - 23 - 41, 0 = -5*c - u + 68. Calculate the remainder when c is divided by -1*6/s + 4.
1
What is the remainder when 1194 is divided by 4/9 - ((-4072)/72 - -11)?
44
Let c = -171 - -176. Suppose -3*v + 48 = 5*l - 0*v, 0 = -c*l - v + 46. Calculate the remainder when l is divided by 8.
1
Let q(i) = -i**3 - 10*i**2 + 66*i + 505. What is the remainder when q(-17) is divided by 83?
78
Suppose -n = y - 1 + 3, 5*n + 8 = -3*y. Let p be (y/(-2))/(5/(-40)). What is the remainder when ((-5 - 190) + 3)/(6/p) is divided by 26?
24
What is the remainder when 209 is divided by (0 - 11) + (42 - 39) + 40?
17
What is the remainder when (-15708)/(-19 + -3) + 9 is divided by 41?
26
Let c = -6 + 7. Suppose d - 9 = -c. Suppose -d*k = k - 135. What is the remainder when 74 is divided by k?
14
Suppose -z = -2*z - k, -2*k = 10. Suppose z*m - 18 = -4*g + 3*m, -2*m - 17 = -3*g. Suppose 121 = g*v + 26. What is the remainder when v is divided by 10?
9
Let r(w) = -w**3 + 15*w**2 + 39*w - 8. Let z = 892 + -847. What is the remainder when r(17) is divided by z?
32
Let v(u) = u**3 - 10*u**2 - 35*u + 470. What is the remainder when 151 is divided by v(9)?
3
Let y be (1 - 2)*15*-1. Calculate the remainder when (-6)/16 - (10 - -297)/(-8*1) is divided by (4/(-3))/(-2)*y.
8
Let r(g) be the first derivative of -g**3/3 + 5*g**2 + 12*g - 5. Calculate the remainder when 165 is divided by r(0).
9
Let s(y) = -y**2 - 87*y - 176. Let o be s(-34). Suppose -142 - o = -68*h. What is the remainder when 37 is divided by h?
11
Suppose -18*a + 459 = -a. Calculate the remainder when 89 is divided by a.
8
Suppose 22*t = 5*t + 374. What is the remainder when 46/(-1)*(-3)/(12/t) is divided by 64?
61
Suppose -d = n - 18, 5*d + n = 5*n + 63. Calculate the remainder when 1797 is divided by d.
12
Let g(u) = -16*u**2 - 703*u + 53. Let z(r) = 14*r**3 + 2*r**2 + r - 1. Calculate the remainder when z(2) is divided by g(-44).
4
Calculate the remainder when (219933/(-18))/(-7) + 4/8 is divided by 23.
21
Let x(o) = -89*o**2 - 12*o + 1. Let w(d) = -30*d**2 - 4*d + 1. Let n(j) = -7*w(j) + 2*x(j). Calculate the remainder when 117 is divided by n(1).
24
Let x(c) = -c**3 - 21*c**2 + 21*c - 16. Let t be x(-22). Suppose k + 2*l - 11 = 0, 5*k + 2*l - t = 9. What is the remainder when 4 is divided by k?
0
Let c = 275 - 227. Suppose 2*j = -4*m + c, -j + m + 2 = -7. Calculate the remainder when 32 is divided by j.
4
Suppose -1886 = -28*b - 18*b. Let c(j) = j**3 - j**2. What is the remainder when b is divided by c(2)?
1
Let j(c) = -c**2 + 91. Let l be j(-8). What is the remainder when (52/6)/(l/81) is divided by 23?
3
Suppose 0 = 3*g - 6 - 33. What is the remainder when 10 + 9/(-11)*(-44220)/1206 is divided by g?
1
Suppose -8*g + 799